 + -2 - (-2 + 5).
-6
Evaluate 25 - (15 - (6 - 5)).
11
Calculate (-2 - 12) + 4 + (-11 - -32).
11
What is 0 + -4 - (-89 - (-3 + -70))?
12
What is 196 - 202 - (-1 + -25)?
20
What is the value of 10 + (11 - 8) + -10?
3
Evaluate (16 + (0 - 0) - 1) + (-4 - 0).
11
Calculate (11 - (3 - -12)) + 12.
8
-27 + 67 + -33 + (0 + -1 - -5)
11
Evaluate (0 - 14) + 2 - (-31 + 14 - -18).
-13
Calculate (-11 - 0 - (105 - 123)) + -1 + 1.
7
What is the value of -20 - 23 - -28 - 6?
-21
What is 4 + -1 + -3 + -5 + 10 + -5?
0
-2 + 4 + 3 + -5 + (-1 - 3)
-4
What is the value of 1423 - 1384 - (17 - 0)?
22
Calculate (-3 + 2 + 2 - -3) + -18.
-14
-5 - (1 + -13 + (20 - 20) - 3)
10
-8 + (15 - 14) + 14 + -29
-22
13 + -2 + (-5 - -2) - 11
-3
What is the value of (-6 - (-5 - 0)) + -20 + 23 - -9?
11
What is 2 + (-22 - (-14 - 14))?
8
What is 2 + (5 - (3 - (-1 - -5))) + -22?
-14
(-5 - ((-20 - -10 - -21) + -10)) + 6
0
Evaluate -1077 + 1068 - (-11 - -1).
1
What is 13 - -18 - (9 + (-4 - -9))?
17
Calculate 9 + (0 - (-13 - -12)).
10
Calculate 0 - 18 - (-9 - (-2 + 1)).
-10
What is -4 - -15 - (5 + 1)?
5
What is the value of -2 + 12 - (6 + 1) - -2?
5
Calculate 7 - -8 - 18 - (-2 - 7).
6
Calculate -11 + -8 + 21 - 6.
-4
15 + (-14 - (7 + -3 - 18))
15
0 + (2 - -9 - -1) + 4 + -5
11
What is (-16 - -10) + -1 + 14 + -7?
0
What is 15 - ((-11 - (11 + -24)) + 17 + -8)?
4
Evaluate (-31 + 37 - -23) + -16.
13
What is the value of -342 - -307 - (-2 + -15)?
-18
Calculate (3 - (-2 + 26)) + -11 - -1.
-31
Evaluate 1 + 1 + (11 - 9 - 1) + 8.
11
What is the value of -4 + 1 + (-102 - -100)?
-5
What is the value of -392 - -390 - ((4 - 2) + -21)?
17
Calculate -22 + 12 + 7 + -10 + 36.
23
-14 - (-2 + 4) - (109 + -119)
-6
What is the value of (-8 - -1) + -1 + -98 + 109?
3
What is -6 - (13 - (4 - 2))?
-17
Calculate (-9 - (-19 + 15)) + 5 + 2.
2
What is the value of -7 - 26 - (4 + 0 - (-120 + 129))?
-28
-11 + -19 - (-29 + 18)
-19
Evaluate -4 - (-6 + (2 - -5) - -11 - 5).
-11
Evaluate (2 - (-1 + 25 - 7)) + 6 + 6.
-3
Calculate 8 - (1 - 2 - -1 - -6).
2
What is 0 + -5 + (-20 - -20) + -4 + 4?
-5
-10 + (64 - 78 - (-3 - -1))
-22
Calculate -15 + -8 + 25 - 13.
-11
(-3 + 33 - 7) + (0 - 8)
15
Evaluate (5 - ((4 - (-2 + 5)) + -1)) + -1.
4
What is the value of 3 + (-46 + 51 - (26 - 2)) - -5?
-11
What is the value of -4 - (10 + 4) - ((2 - -3) + 0)?
-23
Evaluate 9 - (32 + (17 - 67)).
27
Calculate 2 - (25 + -15 + 1).
-9
Evaluate (11 + -15 - -9) + 1.
6
What is (-6 + 10 - 11) + (-5 + 0 - -1)?
-11
Calculate 1 + -2 + -5 + (43 - 26).
11
Evaluate 1 + (12 - 0) - (-61 + -5 + 75).
4
Evaluate 10 + 6 + (-14 - -1).
3
38 - (14 + 17) - (2 + -8 + 0)
13
-31 + 0 - (15 - (28 - (27 - 24)))
-21
Calculate -5 - (0 + -4 + -2) - 9 - 4.
-12
What is -2 - (4 - 13 - (5 - -1 - 10))?
3
-6 + -1 + 69 + -69 + 0 + 4
-3
Evaluate (-274 - -272) + (1 - -9).
8
What is (33 + -14 - -5) + (0 - 10)?
14
(-6 - (2 - 6)) + 0 + 14
12
What is 1 + -4 + (10 - (-1 - (-16 - -16)))?
8
-55 + 56 - (-3 - 3)
7
Calculate -4 + 0 + -86 + 99 - -8.
17
What is -5 + (-6 - -7) - -8 - (4 - 2)?
2
What is (-6 - -1 - 18) + 6 + -5 + 8?
-14
Calculate -4 - (-6 - -9 - 8 - -9).
-8
What is (-6 - (3 + 1)) + 23?
13
-31 - -27 - (2 - 0)
-6
Evaluate (1 - (-1 - -1)) + -39 + 34 + 1.
-3
What is the value of (-1 + -8 - -18) + 5?
14
What is (6 - 0 - 5) + -39 + 6 + -5?
-37
What is 0 + 3 - (-13 + (-1 - (-12 + 11)))?
16
What is the value of (-69 - -53) + (18 - 9 - -2)?
-5
What is 28 + (-12 - -8) + -7 + -12?
5
What is the value of -15 + 13 + (-11 - -1)?
-12
What is the value of (-2 - -16) + (1 - (-14 - 1) - 14)?
16
What is -1 + -2 + 9 + -11?
-5
(-6 - (6 + (-17 - -4))) + 12
13
(1 - (-10 - (9 - 12))) + 7
15
What is the value of 861 - 868 - (-1 + (6 - 0)) - -31?
19
What is the value of (81 - 70) + (1 - (-6 + 16))?
2
Calculate (-5 - 12) + 14 + -3 + 0.
-6
Evaluate -50 + 24 + -2 + 83 + -89.
-34
What is the value of -4 + 20 + -11 + 3 + -14?
-6
What is the value of -6 + -19 + (-4 - (-4 + 6) - -6)?
-25
What is the value of (-3 - -4) + -10 + -41 + 53 - -18?
21
5 + -12 - (-8 + (-2 - -15))
-12
12 + 8 + -34 - -1
-13
What is 11 - ((-7 - -15) + -9) - 3?
9
Evaluate 0 + (0 - 0 - 4) - (-1299 - -1308).
-13
What is 19 - (17 + 6 + -24)?
20
Calculate 2 - 0 - (0 + 20 + -10 + 4).
-12
What is 1446 + -1458 - (1 - 2 - 8)?
-3
-47 + (-5 - (-52 + 9))
-9
What is -17 - 8 - -12 - -24?
11
Calculate 1 - (15 - -1 - (19 + -37 + 29)).
-4
Calculate (6 - 11 - -7) + -8.
-6
Calculate -6 + 6 + (-2 - 1) - 0.
-3
Calculate -21 - (10 + -4 + -8 + -2).
-17
Calculate -9 + (8 - (7 - (-5 - -5))) + 5.
-3
Calculate 6 - -8 - (12 - (-19 + 20)).
3
What is the value of (10 - 11) + (-8 - -5) - -1?
-3
Evaluate (3 - (15 + -4 - 0)) + (82 - 106).
-32
Evaluate 1 + 3 + (1 - 8) + -9.
-12
Calculate (-43 + 7 - -25) + 9.
-2
(13 + 23 - (-2 + 9) - 7) + 5
27
Calculate 2 + -1 - (9 - (-5 + (8 - -2))).
-3
What is -26 + (3 - 17) + 14?
-26
Evaluate (-6 - (10 - 9) - -11) + 3.
7
What is the value of 13 - (-4 + 3 - (1 + (-10 - -6)))?
11
(5 + -8 - (0 - -3)) + -4
-10
3 + (-13 - -16) + 2
8
Evaluate (-6 - -3) + (17 + -3 + -8 - 10).
-7
Evaluate (2 - (7 + -4)) + 0 + -7 + 17.
9
What is the value of (7 - (-3 - -22)) + 3?
-9
0 + 3 + -10 - (-11 + 6 + -3)
1
-1 - -4 - (-15 + 44 + -10)
-16
Calculate 1 - -10 - ((-19 - -43) + -18).
5
(-5 - -1) + 38 - (-39 + 51) - -11
33
-15 + 89 + -72 + (-35 - 0)
-33
What is the value of -12 + 7 - -3 - -1 - -6 - -6?
11
Calculate -7 + (6 - 3) + -4 + -12 + 26.
6
What is 10 + -16 - ((-2 - (-14 + 6)) + -2)?
-10
(-1 - ((-4 - 3) + -1) - -4) + 1
12
Calculate (-81 - -78) + (1 + 2 - -9).
9
Evaluate -8 + (55 - 30 - 5).
12
Calculate 1 - 3 - (-11 + 16) - (-23 + 2).
14
Calculate -11 + (13 + 13 + -12 - -3).
6
What is 4 + 3 + -1 - (122 - 105)?
-11
Calculate 20 + -14 + 2 + -9 + 4 + -3.
0
What is the value of 114 + -105 + (-5 - -3) + (4 - 4)?
7
Evaluate -6 + (20 + 0 - (119 - 108)).
3
Evaluate 9 + -28 + 35 + (-1 - 8).
7
What is the value of 2 + -2 + (-1 + -4 - -2) + -1?
-4
What is -36 + (39 - 24) + -3?
-24
What is the value of 2 + (-32 + 14 - -12)?
-4
What is the value of (-4 - (10 - 18) - -9) + (-1 - 5)?
7
Evaluate -20 + (-15 - (-4 - 20)).
-11
What is the value of 6 + 0 + -3 - (-6 + -12 + 13)?
8
-23 + -17 + 15 + 10
-15
What is -94 + 101 + (-2 - -7) - -9?
21
Calculate (2 + -3 - -15) + -21.
-7
Evaluate 23 + -3 + -13 + 0 - 15.
-8
Calculate -38 + 33 + -21 + 18.
-8
What is -112 + 119 + (4 - -1 - 0)?
12
571 + -569 - ((1 - 1) + 0) - 23
-21
Evaluate 3 + -4 + -4 - (-3 + (13 - 16)).
1
Calculate -1 + ((15 - 13) + (3 - -2) - 6).
0
What is 14 - (-31 - -19) - 42?
-16
What is the value of 0 + -3 + 11 - (2 - (-13 - -5))?
-2
What is the value of -4 + (-1 - -19) + (-12 - -7) + 8?
17
What is the value of -11 - ((-14 - (12 + -17)) + 0)?
-2
What is 1 - (-8 + (-2 - (0 + 0)))?
11
Evaluate 6 - (-7 - 7) - 7.
13
(-31 - -31) + -3 + 3 + 1
1
Calculate 3 + 21 + -428 + 394.
-10
What is the value of -35 + -32 + 94 + (-12 - 0 - -3)?
18
Evaluate -3 + (3 - (-7 + 3)) - (-2 - -9).
-3
What is the value of -38 + 39 + -17 - 12?
-28
-3 + 5 + 5 + 4 + -8
3
Evaluate 1448 + -1380 - (-1 + 37).
32
(3 + -21 + 1 - 12) + 11
-18
Evaluate 40 - (38 + -8) - (6 + 1).
3
Evaluate (30 - -11) + -18 + 0 + -2 + -1.
20
What is 11 - (2 + 53 + -36)?
-8
What is the value of 4 - 1 - ((-8 - (12 + -21)) + -10)?
12
Calculate (-12 - -33 - 23) + (1 - -2) + -6.
-5
What is 31 + -10 - 38 - 10?
-27
(-12 - 8) + 19 + (-1 - 9) + -9
-20
What is (-8 - 1 - (-4 - -1)) + 158 + -163?
-11
8 + (-17 - 1) + 13
3
Evaluate -3 - (-5 + 7 + -9 + 1) - 1.
2
Calculate 2 - 2 - (6 + -3 + (-2 - -5)).
-6
What is the value of 2 - 0 - (-11 - -7) - (-110 - -119)?
-3
What is the value of 3 - ((0 - -25) + (-15 - -3))?
-10
What is (-4 + 8 - -2) + 13 + -8 - -10?
21
Evaluate 5 + -13 + (-2 + -1 - -4).
-7
What is the value of -17 + 7 - (7 + -1 + 9 + -13)?
-12
Calculate -138 + 115 + 7 + 2 + -6.
-20
(7 - (-4 + 2 - -2 - -10)) + -24
-27
Calculate 18 + (-17 - -12) + 7 - (8 + -1).
13
-2 + 3 + -120 + 103
-16
What is the value of -6 + -6 + (-13 - -6) + 3 + 24?
8
What is the value of -334 + 319 + (-1 - -17)?
1
((14 - 5) + -10 - -6) + 11
16
What is the value of 83 + -78 + -8 - (-26 + -1 - -1)?
23
What is the value of 125 - 121 - (-12 - -2)?
14
Evaluate 1 + -6 - (34 + -49).
10
What is the value of -5 - (-10 - -8 - 0)?
-3
What is the value of -11 - -5 - (0 + -9) - 2?
1
Calculate 42 + (-56 - (-43 + 9)).
20
2 + (-11 - -16) - 